ommon divisor of 351 and o.
13
Suppose 3*p = 3*z + 3, 0*p - 5*z - 17 = p. Let w be (-100)/3*p/(4/6). Suppose 86*m - w = 81*m. What is the highest common factor of m and 220?
20
Let i(z) = 4*z**3 + z**2 + 2*z - 3. Let f be i(1). Let x be 336 + 2/1 - (f + -7). Calculate the highest common factor of x and 11.
11
Suppose 150 = -15945*c + 15951*c. What is the highest common factor of c and 155?
5
Suppose -5*p + n - 128 = 28, -2*p = 5*n + 84. Let d = p - -32. Suppose d = 3*j - 9*j + 396. Calculate the highest common divisor of 22 and j.
22
Suppose -g = -1, 4*o - 7*g - 19447 = 3*o. Calculate the greatest common factor of 142 and o.
142
Let r = -3641 + 4004. Calculate the highest common divisor of r and 198.
33
Let w be 9/(-15)*(1 - -4) - -2525. Calculate the highest common factor of 65 and w.
13
Let f be (-3)/(((-4)/(-5))/(-4)). Suppose 0 = -10*y + 9*y + 2*o - 5, -2*y - 2*o = 10. Let m = f + y. What is the greatest common divisor of 110 and m?
10
Suppose 1767*f = 1776*f - 6156. Calculate the greatest common divisor of f and 19.
19
Let v be 4/(-12)*(2 + -2 + 795). Let n = v + 333. What is the greatest common divisor of n and 119?
17
Let r = 189 - 185. Let o be (-19508)/(-68) - (r - 70/17). Calculate the greatest common divisor of o and 41.
41
Suppose 46*j = 18663 + 100569. Calculate the greatest common factor of 48 and j.
48
Let h = 30741 - 30601. What is the greatest common divisor of 540 and h?
20
Suppose 335 = -4*l - u, -5*l - 7*u + 5*u = 418. Let o be (-3 - l/30)*-205. Let y be -4*1*(-123)/4. Calculate the highest common factor of y and o.
41
Suppose -4*d = -10 + 30. Let z be d/(2/36*-3). Suppose 0 = -5*l - 5*k + 60, 10*l + 4*k = 7*l + 38. Calculate the greatest common divisor of l and z.
10
Let m(v) = -90*v - 459. Let n(j) = 30*j + 152. Let z(i) = -2*m(i) - 7*n(i). Let d be z(-30). Calculate the greatest common factor of 13 and d.
13
Suppose -3*w = -4*w + 253. Let p = 265 - w. Calculate the greatest common divisor of 24 and p.
12
Let m = -16411 - -16471. What is the greatest common factor of 9540 and m?
60
Let x be (9 - 0)*(-8)/(-24). Suppose -x*k - 4*k + 42 = 0. Suppose 0 = t - 8 - 7. What is the highest common factor of k and t?
3
Suppose 7*o = 2*o + 25. Let m(y) = -11*y**3 + 19*y**2 - y - 9. Let k be m(4). Let z = k - -458. What is the highest common divisor of o and z?
5
Let i(a) = -7*a + 25. Let q be i(5). Let j be q/(-30) + 5752/24. What is the greatest common factor of 64 and j?
16
Let t be (15/(-3) + 6)*13. What is the greatest common divisor of t and 3809?
13
Let j(z) = -z**2 - 87. Let b be j(0). Let c = -65 - b. Suppose 5*a = 397 + 373. Calculate the highest common factor of a and c.
22
Suppose -439022 = -55*t - 139*t. What is the highest common factor of t and 279?
31
Suppose 2*p - 109 + 105 = 0. Let l(b) = b**3 + 7*b**2 + 6*b + 2. Let g be l(-6). What is the highest common divisor of g and p?
2
Suppose -228*j + 255*j - 6318 = 0. Let q(y) = -y**3 + 6*y**2 - 4*y + 2. Let x be q(4). What is the highest common factor of j and x?
18
Suppose 0 = -250*u + 245*u + 20. Suppose 43 - 18 = -5*z, -3*z + 305 = u*v. Suppose 4*y - 20 = 44. Calculate the greatest common divisor of v and y.
16
Let q(y) = -3*y + 23. Let t be q(6). Suppose -u + l = -t, 4*u - 2 = l - 3*l. What is the greatest common divisor of u and 86?
2
Suppose -3*w + 802 = -3*k - 5, -284 = -w + 4*k. Suppose 5*c = 5*u - 985, 5*u = -15*c + 10*c + 995. What is the greatest common factor of u and w?
66
Let w be -1*(2 - 1) - -211. Let b(g) = 3*g**3 - 2*g**2 + 2*g + 7. Let n be b(3). Let d = n + -46. What is the highest common factor of d and w?
30
Let i = 30 + -32. Let p be -60*(104/(-168) + i/(-7)). Suppose 2*t - 420 = -5*t. Calculate the highest common factor of t and p.
20
Let j(r) = -1237*r - 9895. Let d be j(-8). Calculate the highest common divisor of d and 67.
1
Let o be (-5)/(-1) + -12174*(-4)/24. What is the greatest common divisor of 36 and o?
18
Let r = 176 + 96. Let d = r + -131. Let p = 171 - d. What is the greatest common divisor of 6 and p?
6
Let s(x) = -10*x + 52. Let r be s(5). Suppose -r*n + a = -896, -n + a + 433 + 15 = 0. Calculate the greatest common factor of 192 and n.
64
Let g be 1/(-2)*12/(-18)*6. Suppose -5*y = g*y - 595. What is the highest common divisor of y and 34?
17
Suppose 3*g = 8*a - 13*a + 200, -6*g + 323 = -a. What is the greatest common divisor of g and 3949?
11
Suppose 3*k + 1 - 61 = 0. Suppose -k*t = -17*t. Suppose t = 3*n - 456 - 489. Calculate the highest common factor of 35 and n.
35
Let w be (-50)/(0 + (7/2)/(-7)). Let k(f) = -f**2 - 16*f - 23. Let p be k(-7). What is the greatest common divisor of w and p?
20
Let k be ((-2)/4 + 1)*2. Let f be 374 + -3 + (-4 - -4) + -2. Let i = -362 + f. What is the greatest common divisor of i and k?
1
Suppose 18*l + 3*l - 107 - 607 = 0. What is the greatest common divisor of 3230 and l?
34
Suppose 16*y = 3*y + 195 + 312. Calculate the greatest common divisor of 559 and y.
13
Let w = 184 + -130. Let i be 200 - -2 - (0/(-5) + 4). What is the greatest common divisor of w and i?
18
Suppose 2*o + 98 = -5*p, -5*o + 0*p - 3*p = 226. Let g = 46 + o. Suppose 0 = g*s + 3 - 11. What is the highest common factor of 32 and s?
4
Let q be (-1)/(2/(-58)*(-11)/66). Let w be ((-5)/10)/(3/q). Let l = w - 8. What is the highest common factor of 14 and l?
7
Let d(b) = -13*b - 82. Let a be d(-7). Suppose -360 = a*r - 19*r. What is the greatest common factor of 12 and r?
12
Let i be (22264/51 - (-4)/34)*24/20. Calculate the highest common divisor of i and 3537.
131
Suppose -2*b + 46 = -0*b. Suppose b = 5*o - 17. Suppose -2 = -2*n + 6. What is the highest common divisor of o and n?
4
Suppose p + 2*a + 4 = 0, -p + 2*a = -0*p. Let v be ((-11)/22)/(p/28). Suppose -65 = -v*h + 12. What is the greatest common divisor of h and 55?
11
Suppose -5*l - 10 = 0, 2*n - 3*l = 3*n + 3. Let b be (-160)/(-15) + 4/n. Calculate the greatest common divisor of b and 276.
12
Let t = -707 + 749. Suppose 3*z - 69 = 3*r, 4*z + 5*r - 10 - 37 = 0. Calculate the greatest common divisor of z and t.
6
Let y be 2/18 - (-4727836)/2259. What is the greatest common factor of 546 and y?
91
Suppose 2*j + 980 = -4*n, 2*n + 478 = 3*j - 7*j. Let i = -133 - n. What is the greatest common divisor of i and 6?
6
Let h = -70 - -39. Let y(o) = -2*o - 22. Let v be y(10). Let i = h - v. What is the greatest common divisor of i and 88?
11
Let c(f) = -f**3 + 29*f**2 + 2*f - 30. Let b be c(29). Suppose 4*s - b = -k, k - 11 - 41 = 4*s. Calculate the highest common divisor of k and 310.
10
Let k be (-94)/11 - 60/(-110). Let q = 66 - k. Calculate the highest common factor of 111 and q.
37
Let v(j) = 23*j - 112. Let s be v(5). Suppose w + 0*w = s*y + 144, -444 = -3*w + 3*y. Suppose 2*f + 2*f = 120. What is the greatest common factor of f and w?
30
Let j = -16 + 16. Suppose -4*o + 26 + 70 = j. Suppose -26 = -y - m, -4*y + 50 + 56 = 5*m. What is the highest common factor of o and y?
24
Let d(z) = z**3 - 5*z**2 - 8*z + 12. Let b be d(6). Let a(p) = -4*p + 24. Let s be a(b). Let m = 25 - 17. What is the highest common factor of m and s?
8
Suppose -48 + 1128 = 12*p. Let o(s) = s**3 + 25*s**2 + 31*s + 23. Let w be o(-23). Let i = 593 - w. What is the greatest common divisor of p and i?
45
Let u(x) = x**2 - x - 22. Let f(r) = 9*r**3 - r**2 + 3*r + 3. Let d be f(-1). Let w be u(d). What is the highest common divisor of 40 and w?
8
Let b(l) = 2*l**2 - 5*l**2 + l + l**3 - 30 + 5. Let f be b(5). Calculate the greatest common factor of 25 and f.
5
Suppose 3*p - 6 = -4*t + 17, -5*t + 4*p = -21. Suppose 3*f + 5*h = 63, h = -t*f - 4*h + 115. Calculate the greatest common factor of 65 and f.
13
Suppose -2*u + 3*p = u - 273, 5*u - p - 435 = 0. What is the greatest common divisor of u and 1247?
43
Suppose -4*m + 1080 = -4*j, 0*m - 2*j - 270 = -m. Suppose 265*y = m*y - 70. What is the greatest common factor of 91 and y?
7
Let b = 1 - -1. Let k be (b - -7) + (7 - 5). Suppose 2*s - 168 + 58 = 0. What is the highest common factor of s and k?
11
Let g(s) = 3*s**2 - 49*s + 7 - 53*s - 44*s + 140*s. Let p be g(7). What is the highest common factor of p and 7?
7
Suppose 65*l - 2220 = 575. Calculate the highest common factor of 516 and l.
43
Suppose 3*o - 120 = 244*k - 245*k, -2*o = k - 117. What is the greatest